at is the tens digit of v(p)?
1
Let w = 126 + -121. What is the units digit of (644/(-12))/(w/(-15))?
1
Let t(y) = -106*y + 4054. What is the tens digit of t(0)?
5
What is the tens digit of (-9)/((-180)/8) - 265236/(-60)?
2
Let q(s) = -2*s**3 - 32*s**2 - s - 12. Let m be q(-16). Suppose -3*b = 0, m*p = 6*b - b + 1072. What is the tens digit of p?
6
Let p = 270 - 90. What is the hundreds digit of p?
1
What is the hundreds digit of (-1740)/(-24)*(7/5 + 1)?
1
Let q(f) be the second derivative of f**4/6 + 3*f**3/2 - 13*f**2/2 - 3*f. What is the hundreds digit of q(-11)?
1
Suppose 105*f - 104*f = 655. What is the tens digit of f?
5
Suppose 0 = -6*v + 10*v - 1448. What is the units digit of v?
2
What is the hundreds digit of 7 - ((8 - 16) + -1132)?
1
Let a be 36/17 - (-24)/(-204). Suppose -g + 3*p - 4 = -3, 0 = -5*g - a*p + 46. What is the units digit of g?
8
Let h(o) = 262*o - 437. What is the units digit of h(15)?
3
Let j(f) be the third derivative of -f**5/60 + f**4/2 - 5*f**3/3 - 44*f**2. Let n be 22/3 - 2/(-3). What is the units digit of j(n)?
2
Suppose 4*c + 3*s - 13 = -c, -3*s - 7 = c. Let i(k) = -k + 7. Let a be i(c). What is the units digit of -1 + -2*(-23)/a?
2
Let l(t) = t + 4. Suppose p + 2*p = 0. Let y be l(p). Let k(q) = -q**2 + 11*q - 6. What is the tens digit of k(y)?
2
Suppose 21 = 5*s - 9. What is the tens digit of 7/(-2 - (-15)/s)?
1
Let r(a) = 6*a**2 - 5*a - 25. Let k be r(-3). Let v = 41 + k. What is the units digit of v?
5
Suppose 3 = z - 0. Suppose 4*f = -z*h - 130 + 388, 5*f - 2*h = 311. What is the tens digit of f?
6
Let k be 14/((-5)/(-50)*5). Let z = k - 14. What is the units digit of z?
4
Let x = 70 + -68. Suppose -x*p + u + 6 = 0, u - 1 = 3*p + 2*u. What is the units digit of p?
1
Let y(t) = 1 + 0*t + 8 + 0*t + 6*t. Let u(n) = -13*n - 19. Let f(m) = 4*u(m) + 9*y(m). What is the units digit of f(6)?
7
Suppose 7*m - 42 = 9*m. Let r = 24 + m. Suppose 0*d - r*d = -15. What is the units digit of d?
5
Let r = -16 - -49. Let v = 32 - r. What is the tens digit of v*((-41)/1 - 0)?
4
Let l be (-156)/(-48) + (-2)/8. Let i be (24/(-36))/((-1)/l). Suppose -4*c + i*g + 203 = -15, 3*c - 165 = 2*g. What is the units digit of c?
3
Let q(d) = -14*d**3 - d**2 + 8*d + 9. What is the hundreds digit of q(-3)?
3
Let k be -3*6/27 - (-36)/(-27). Let l(t) = 55*t**2 + 5*t + 2. What is the tens digit of l(k)?
1
Suppose -2*o - h = -3591, o = 14*h - 15*h + 1796. What is the hundreds digit of o?
7
Let g = -58 + 66. Suppose -g = -4*p - 0, -3*p + 63 = y. What is the units digit of y?
7
Suppose 5*n = 48 - 18. Suppose -2*x = 4*j - 144, 2*j = n*j - 3*x - 124. What is the units digit of j?
4
Let a be 4/6*3/2. Let d(n) = 10*n**3 + 6*n**2 - 6*n - 1. Let h(w) = 20*w**3 + 11*w**2 - 11*w - 2. Let v(c) = -11*d(c) + 6*h(c). What is the units digit of v(a)?
9
Let y(v) = -7*v**3 - v**2 + v. Let u be y(1). Suppose -24 = -l - s, 5*l = l + 3*s + 75. Let j = l + u. What is the units digit of j?
4
Let m(z) = -z**2 + z + 63. What is the tens digit of m(0)?
6
Let d be -2*(-3)/39 + (-360)/(-26). Let i(c) be the third derivative of c**4/24 + c**3 - 2*c**2. What is the tens digit of i(d)?
2
Suppose 9 - 4 = 5*l. Suppose -l = -2*f + 7. What is the units digit of f?
4
Let h = -1961 + 5369. What is the units digit of h?
8
Let c = -286 - -542. What is the tens digit of c?
5
Let u(c) = 128*c - 26. What is the tens digit of u(7)?
7
Let y(w) = w**3 + 2*w**2 + w + 2. Let a be y(-3). Let d be (-18)/45 - 14/a. Suppose 2*b - 55 = -d. What is the tens digit of b?
2
Let d(l) = -l**3 - l**2 + l + 3. Let w be d(2). What is the tens digit of 108/(-15)*(w - -2)?
3
Suppose 3*f - 5*a + 76 = 0, -2*a + 4*a = -5*f - 75. Let o be 4/1*1 - 1. What is the units digit of (1 - f)/(3/o)?
8
Suppose -113 + 1003 = 2*p. What is the hundreds digit of p?
4
Let r be ((-75)/(-20) - 4)*-4. Let m = r - -37. Suppose -f = -2*x - 50, 4*f - 5*x - 153 = m. What is the tens digit of f?
4
Let y(z) be the second derivative of -z**6/240 - z**4/4 + 5*z. Let g(r) be the third derivative of y(r). What is the units digit of g(-7)?
1
Let d = 114 + -60. Suppose 422 = 2*a + 2*l, l = a - 151 - d. What is the units digit of a?
8
Suppose -2*s = -2*t + 2898, -5*t + 7215 = 3*s + 2*s. What is the units digit of t?
6
What is the units digit of (-38)/209 + 9424/44?
4
Let y(o) = -o**3 - 6*o**2 + 11*o - 18. Let u be y(-9). Let g = -67 + u. What is the units digit of g?
9
Suppose -13*y - 40 = -9*y. What is the tens digit of ((-22)/6)/(y/330)?
2
Suppose 6 - 11 = 5*l. Let y be l/8 + 1015/56. Let n = y - -17. What is the units digit of n?
5
Let c(r) = -2*r**2 - 2*r + 506. What is the tens digit of c(0)?
0
Let n be (-660)/16 - 2/(-8). Let v = n + 74. What is the tens digit of v?
3
Let f(j) = 4*j**3 + j**2 - 3*j. Let z be f(4). Let l be ((-2)/5)/((-4)/z). Let i = l + -8. What is the units digit of i?
8
Let t = -321 + 433. What is the tens digit of t?
1
Suppose 2*l - 6 = 2*f, 2 = l + 2*f - 1. Suppose -7*z + l*z = 384. Let g = -65 - z. What is the units digit of g?
1
Suppose -10 - 5 = -4*q - g, q = -4*g. Suppose -q*k + 423 = -k. What is the hundreds digit of k?
1
Suppose -33*z + 29504 = -z. What is the hundreds digit of z?
9
Suppose -163*k + 167*k - 15940 = 0. What is the units digit of k?
5
Suppose 894 = 2*p + 5*u, -3*p = -3*u + 4*u - 1341. What is the units digit of p?
7
Let k be (-3)/2 - (-5)/(-10). What is the units digit of 40 - (1 + k - 1)?
2
Suppose 2*b + 30 = -b. Let c = b - -15. Suppose -c*t - 6*w + 90 = -w, -4*t - 5*w = -74. What is the tens digit of t?
1
Let d(z) = -2*z**2 - 31*z + 6. Let v(t) = -t**2 - 10*t + 2. Let o(i) = 4*d(i) - 11*v(i). What is the hundreds digit of o(10)?
1
Suppose 5*r + 5*b - 8549 = 8*b, -b + 2 = 0. What is the tens digit of r?
1
Let b = -25 - -29. Suppose 2*w + 5*q - 56 = 0, -2*q + b*q = 0. What is the tens digit of w?
2
Suppose 1 = -2*q + 7, q + 1 = 2*t. Suppose -2*u + 22 = -i, 5*i = -5*u + t*i + 66. What is the units digit of u?
2
Let i = 869 + -424. Suppose 3*d + 141 = 2*m, -5*m + d + i = 125. Suppose 0*w = 3*r - 4*w - m, 4*r - 3*w = 91. What is the units digit of r?
5
Let u(t) = 6*t - 2. Let c be u(-2). Let r be ((-6)/(-3) - c) + -4. What is the units digit of (-3)/(4/((-160)/r))?
0
Let n(c) = -151*c**3 + 5*c**2 - 11*c - 3. Let t(i) = -50*i**3 + 2*i**2 - 4*i - 1. Let u(f) = -6*n(f) + 17*t(f). What is the units digit of u(1)?
9
What is the units digit of (-264)/(-9) + 3/18*-2?
9
Let t(y) = -243*y + 37. What is the hundreds digit of t(-3)?
7
Let j(n) = -3*n + 97. What is the tens digit of j(26)?
1
Suppose 0 = 18*o - 60 - 12. Suppose 0 = 2*m - m - 105. Suppose -s - o*s = -m. What is the units digit of s?
1
Let y(b) = -2*b - 4. Let o be y(-4). Suppose 0 = -o*f - 5*i + 292, 0 = 2*f + 3*i - 84 - 60. What is the tens digit of f?
7
Let d(z) = -z**2 - 18*z + 21. Let k be d(-19). Let x(s) = 53*s + 5. What is the tens digit of x(k)?
1
Suppose 7*o - 5811 = 629. What is the hundreds digit of o?
9
Suppose 5*a - 29 = 2*h - 11, -a + 3*h + 14 = 0. Suppose u - 147 = -q, 5*q = a*u + u - 481. What is the units digit of u?
2
Let l(r) = -26*r - 65. What is the tens digit of l(-19)?
2
Let p = -287 + 509. What is the units digit of p?
2
Let g be (6/(-12))/(1/(-4)). Suppose 5 + g = -z. Let o = 11 + z. What is the units digit of o?
4
Suppose 42*n + 1746 = 51*n. What is the units digit of n?
4
Suppose 3*d = 3*k + 21, 3*d = -0*d + k + 11. What is the units digit of (d + -4)*2 + 5?
1
Let k(n) = 4*n + 6. Let t be k(-5). What is the units digit of -6*((7 - 3) + t)?
0
Let q be (-742)/(-5 - -3) + -3. Let t = 568 - q. What is the hundreds digit of t?
2
Suppose 5*j - 24 = 2*g - g, 0 = -3*j + 6. Let x(z) = -z**3 - 15*z**2 - 21*z - 4. What is the units digit of x(g)?
4
Let d(g) = 5*g**2 + g + 25. What is the hundreds digit of d(-10)?
5
Let f = 862 + 1601. What is the hundreds digit of f?
4
Let h = -1271 - -727. What is the tens digit of (6/(-12))/(2/h)?
3
Let b be (-53)/(-4) + 1/(-4). Suppose 18*r = b*r + 285. What is the units digit of r?
7
Let o(m) be the first derivative of m**4/4 - 14*m**3/3 + 9*m**2 - 7*m - 6. What is the tens digit of o(13)?
5
Suppose 83074 - 256354 = -76*h. What is the thousands digit of h?
2
Suppose -117 = 5*d - 18*d. Let w = d + 37. What is the units digit of w?
6
Suppose 4*h = 66 + 34. What is the units digit of h